s digit of 3260374314?
1
What is the ten thousands digit of 2768861214?
6
What is the hundreds digit of 497102842?
8
What is the units digit of 74389044?
4
What is the tens digit of 1602150356?
5
What is the units digit of 43778289?
9
What is the units digit of 6792195144?
4
What is the thousands digit of 324115231?
5
What is the units digit of 525510689?
9
What is the millions digit of 407666184?
7
What is the hundreds digit of 21542073?
0
What is the thousands digit of 121889835?
9
What is the hundreds digit of 2788866323?
3
What is the millions digit of 109950011?
9
What is the millions digit of 5343531182?
3
What is the millions digit of 137457949?
7
What is the ten millions digit of 93552406?
9
What is the hundreds digit of 165207167?
1
What is the ten millions digit of 223927835?
2
What is the ten millions digit of 959800770?
5
What is the ten millions digit of 120443935?
2
What is the tens digit of 18556182?
8
What is the tens digit of 77353995?
9
What is the hundreds digit of 189640827?
8
What is the ten thousands digit of 10506586?
0
What is the ten millions digit of 53344431?
5
What is the tens digit of 1894555514?
1
What is the hundreds digit of 550426293?
2
What is the ten millions digit of 3119847709?
1
What is the ten millions digit of 133725865?
3
What is the tens digit of 1538290670?
7
What is the thousands digit of 94527419?
7
What is the ten millions digit of 615351326?
1
What is the thousands digit of 4205494?
5
What is the ten millions digit of 2013775295?
1
What is the tens digit of 34764296?
9
What is the millions digit of 127532284?
7
What is the hundred thousands digit of 149468872?
4
What is the ten millions digit of 94321833?
9
What is the thousands digit of 803518567?
8
What is the hundred millions digit of 624337380?
6
What is the hundred thousands digit of 2885023?
8
What is the tens digit of 321706041?
4
What is the hundred millions digit of 817310475?
8
What is the hundred millions digit of 135763660?
1
What is the millions digit of 45983463?
5
What is the tens digit of 70977936?
3
What is the units digit of 36442868?
8
What is the hundred millions digit of 1434776681?
4
What is the hundreds digit of 404027145?
1
What is the ten thousands digit of 2039583944?
8
What is the tens digit of 5504853?
5
What is the units digit of 5363271891?
1
What is the ten thousands digit of 235019760?
1
What is the hundreds digit of 3463159734?
7
What is the billions digit of 1525962607?
1
What is the ten thousands digit of 59684125?
8
What is the thousands digit of 19843506?
3
What is the hundreds digit of 98594983?
9
What is the billions digit of 2447864980?
2
What is the tens digit of 1655998?
9
What is the ten millions digit of 451734143?
5
What is the hundred millions digit of 421411476?
4
What is the ten thousands digit of 567900787?
0
What is the millions digit of 146120427?
6
What is the thousands digit of 7666910907?
0
What is the ten thousands digit of 79959387?
5
What is the millions digit of 28531400?
8
What is the millions digit of 84214881?
4
What is the thousands digit of 442557973?
7
What is the billions digit of 7341832779?
7
What is the hundreds digit of 262761358?
3
What is the tens digit of 85825551?
5
What is the millions digit of 310910949?
0
What is the ten millions digit of 15242829?
1
What is the thousands digit of 2490068669?
8
What is the tens digit of 3290961982?
8
What is the ten millions digit of 120491360?
2
What is the thousands digit of 1637426507?
6
What is the thousands digit of 26600440?
0
What is the millions digit of 1016391873?
6
What is the thousands digit of 112702875?
2
What is the units digit of 45357421?
1
What is the ten thousands digit of 1908739035?
3
What is the thousands digit of 937000385?
0
What is the billions digit of 5042408101?
5
What is the hundred millions digit of 1454966338?
4
What is the hundreds digit of 298631328?
3
What is the ten millions digit of 908980651?
0
What is the hundred thousands digit of 75731054?
7
What is the ten thousands digit of 460217925?
1
What is the hundred millions digit of 168801783?
1
What is the hundred millions digit of 627752200?
6
What is the hundred millions digit of 6158835640?
1
What is the tens digit of 1797534?
3
What is the thousands digit of 237251912?
1
What is the hundred millions digit of 458785351?
4
What is the hundreds digit of 2667524680?
6
What is the ten millions digit of 29473393?
2
What is the millions digit of 52638412?
2
What is the ten thousands digit of 117791758?
9
What is the ten millions digit of 46606291?
4
What is the billions digit of 4105413365?
4
What is the hundred thousands digit of 652082880?
0
What is the tens digit of 229775325?
2
What is the tens digit of 2484225117?
1
What is the hundred thousands digit of 32684825?
6
What is the ten millions digit of 71635874?
7
What is the hundred thousands digit of 1035363864?
3
What is the ten millions digit of 643131590?
4
What is the ten thousands digit of 7005617?
0
What is the thousands digit of 37668913?
8
What is the ten millions digit of 279107750?
7
What is the hundreds digit of 34314138?
1
What is the hundreds digit of 29467084?
0
What is the thousands digit of 175238123?
8
What is the ten millions digit of 706315150?
0
What is the hundreds digit of 274705246?
2
What is the hundred thousands digit of 581706219?
7
What is the hundred thousands digit of 7949659286?
6
What is the thousands digit of 83553378?
3
What is the tens digit of 21775019?
1
What is the ten thousands digit of 917546071?
4
What is the hundred thousands digit of 15532315?
5
What is the millions digit of 594070921?
4
What is the tens digit of 67189672?
7
What is the hundreds digit of 104933072?
0
What is the billions digit of 2210854074?
2
What is the tens digit of 1201974435?
3
What is the tens digit of 35840769?
6
What is the ten millions digit of 254270288?
5
What is the thousands digit of 53141711?
1
What is the hundred thousands digit of 183759635?
7
What is the millions digit of 53619010?
3
What is the ten millions digit of 2902840729?
0
What is the millions digit of 45171152?
5
What is the hundred thousands digit of 60503137?
5
What is the hundred millions digit of 5819457873?
8
What is the thousands digit of 153631668?
1
What is the thousands digit of 181745869?
5
What is the millions digit of 4711856?
4
What is the thousands digit of 51381727?
1
What is the ten thousands digit of 1628581687?
8
What is the thousands digit of 79529119?
9
What is the hundreds digit of 2605424381?
3
What is the hundreds digit of 450186840?
8
What is the hundred thousands digit of 99367934?
3
What is the ten thousands digit of 1934548409?
4
What is the thousands digit of 1780638505?
8
What is the ten thousands digit of 139218163?
1
What is the tens digit of 43574743?
4
What is the millions digit of 72454321?
2
What is the ten millions digit of 5125019118?
2
What is the thousands digit of 324158491?
8
What is the units digit of 1948576544?
4
What is the tens digit of 130879858?
5
What is the hundreds digit of 1470930470?
4
What is the tens digit of 6142918928?
2
What is the hundreds digit of 21644568?
5
What is the hundred millions digit of 158002941?
1
What is the millions digit of 75478035?
5
What is the hundred thousands digit of 1111963614?
9
What is the units digit of 515935835?
5
What is the millions digit of 1767018173?
7
What is the ten thousands digit of 777026917?
2
What is the thousands digit of 9939805?
9
What is the hundreds digit of 396521589?
5
What is the units digit of 248703823?
3
What is the millions digit of 182995428?
2
What is the hundred thousands digit of 1988811913?
8
What is the tens digit of 47061360?
6
What is the hundred thousands digit of 1231658345?
6
What is the hundreds digit of 981064675?
6
What is the hundreds digit of 75061287?
2
What is the thousands digit of 330142502?
2
What is the hundreds digit of 3273604729?
7
What is the ten thousands digit of 530352737?
5
What is the millions digit of 19136050?
9
What is the units digit of 144108886?
6
What is the ten millions digit of 283637817?
8
What is the millions digit of 168190986?
8
What is the thousands digit of 2016431374?
1
What is the ten thousands digit of 696877087?
7
What is the units digit of 2355554379?
9
Wha